+ 65, -n - 5 = 0. Let l = 307 + -174. Suppose l + o = 4*z. What are the prime factors of z?
37
Suppose o = -4*h - 9, 0 = -6*h + 2*h - 5*o - 13. List the prime factors of (h - 1 - -4) + 30 + -3.
2, 7
Suppose 43 = 4*d - 37. Suppose -4*s + 22 = 5*n, -s - d = -3*s + 2*n. List the prime factors of s.
2
Suppose 7 = 4*r - 3*r. Let f(v) = 28*v - 16. Let u be f(r). Suppose 3*l - 8*l = -u. What are the prime factors of l?
2, 3
Suppose -3*t = -0*t - 6. Let s be (0 - -10)*t/4. Suppose -2*d + 60 = 3*d - o, 75 = s*d + 2*o. What are the prime factors of d?
13
Let g be 0/((-2)/2) - 0. Let i = g + 4. Suppose -5*w - i*q + 126 = -q, -2*w = 2*q - 48. List the prime factors of w.
3
Suppose -2*a = -4*a - 12. Let d(j) = -15*j - 18. List the prime factors of d(a).
2, 3
Let w(t) = 4*t**2 + 9*t - 3. Let i be w(-7). Suppose 0 = 4*h + 5*n - 478, 6*n = h + 2*n - i. What are the prime factors of h?
2, 61
List the prime factors of (9/18)/((-5)/(-4460) - 0).
2, 223
Let j be 171/15 + (-8)/20. Suppose -3*o + j = -79. Suppose o + 20 = 2*d. What are the prime factors of d?
5
Let n = 3183 - 961. What are the prime factors of n?
2, 11, 101
Let w(r) be the third derivative of 1/30*r**5 + 0 - 11/24*r**4 + 0*r + 2*r**3 + 4*r**2. What are the prime factors of w(7)?
3, 11
Let k = 6138 - 2352. List the prime factors of k.
2, 3, 631
Let d(o) = 17*o**2 + 12*o + 20. List the prime factors of d(-6).
2, 5, 7
Suppose 0*c + 2*q = -2*c - 118, 3*q + 49 = -c. What are the prime factors of (-241)/(-8) - (-8)/c?
2, 3, 5
Suppose -9*k - 56 = -2*k. Let x = k + 32. Let s = 29 - x. What are the prime factors of s?
5
What are the prime factors of (1602/45)/((-5)/(-100))?
2, 89
Let d(t) = -t**3 - 7*t**2 - 4*t - 23. Let j be d(-7). Suppose 5*v = j*u - 20 - 135, 4*u - 5*v - 122 = 0. What are the prime factors of u?
3, 11
Let l = 3 + 2. Suppose -l*b = 5*i - 180, 4*b - 48 = -i - 0*b. What are the prime factors of i?
2
Let f be 2 + (-2 - -3) - 109/(-1). Let r = 169 - f. What are the prime factors of r?
3, 19
Let v(s) = s**3 + 34*s**2 - 33*s + 81. List the prime factors of v(-35).
11
Suppose 2*s = 7*s - 225. List the prime factors of s.
3, 5
Suppose -3*y - 306 = -3*a, 2*y - 6*y = -3*a + 306. Suppose 0 = -0*i - i - h + a, -2*i + 5*h + 183 = 0. What are the prime factors of i?
3, 11
Suppose -4*b + 3*m + 18 = 0, -4*b - 4*m + 9 = -23. Let k = b - 5. Let d = k - -13. List the prime factors of d.
2, 7
Let j(d) be the second derivative of 91*d**3/3 + 4*d**2 + 3*d. List the prime factors of j(1).
2, 5, 19
Suppose 4*d = 5*d - 123. What are the prime factors of d?
3, 41
Let v be 5 - (-1 - -3 - 1). Let w = -6 - -10. Suppose -v*g + w*x + 22 = -74, -4*g - x + 116 = 0. List the prime factors of g.
2, 7
Let p(c) = 5*c - 43. Let m be p(10). Suppose -4*b - m*b = -484. List the prime factors of b.
2, 11
Suppose 5584 = 34*n - 73330. List the prime factors of n.
11, 211
Suppose -11094 = -12*d - 4134. Suppose 0*j = 5*j - d. List the prime factors of j.
2, 29
Let s(i) = -137*i + 123. List the prime factors of s(-9).
2, 3, 113
Let w(x) = x**3 - 39*x**2 + 82*x - 18. List the prime factors of w(38).
2, 827
Suppose 2*z - 149 = -3*t, 7*z - 240 = -5*t + 2*z. Let j = 90 - t. List the prime factors of j.
37
Suppose -5*u = 3*c - 1482, -5*c + 1185 + 1254 = -2*u. What are the prime factors of c?
3, 163
Let z(k) be the third derivative of -1/8*k**4 + 2/3*k**3 - 1/30*k**5 - 3*k**2 + 0 + 1/24*k**6 + 0*k. What are the prime factors of z(2)?
2, 3, 5
Suppose -7*c + 157 = -298. Let o = c - -1. What are the prime factors of o?
2, 3, 11
Let n = 4 - 12. Let p(f) = 6*f**2 + 5*f + 11. Let k be p(n). List the prime factors of k/20 - 1/(-4).
2, 3
Let g be (-6)/(1 - (-3 + (-18)/(-3))). Suppose 0 = 5*u + g*r - 452, -77 = -5*u + 4*r + 382. What are the prime factors of u?
7, 13
Let a be (-1)/2*(-755 + -1). Suppose -x - a = -2*c, -4*c + 589 = -c + 4*x. What are the prime factors of c?
191
What are the prime factors of (8 - (2 + -1128)) + 6?
2, 3, 5, 19
Suppose -5*u = 13*i - 8*i, 0 = 2*i - 5*u - 35. Let a = -13 + 7. What are the prime factors of (-9)/((a/i)/6)?
3, 5
Let p(d) be the second derivative of -d**4/12 + 25*d**3/6 - 7*d**2 - 15*d. List the prime factors of p(21).
2, 5, 7
Let p(h) = 5 - 3*h + 2 + 4*h + 0*h. Let l be p(5). Let s = l + 33. What are the prime factors of s?
3, 5
Let x = 587 + -302. List the prime factors of x.
3, 5, 19
Let n = 602 - 15. What are the prime factors of n?
587
Let u = -150 - -497. List the prime factors of u.
347
Let y = 25 + -16. Suppose -2*p - 6 = -48. Let j = y + p. What are the prime factors of j?
2, 3, 5
Let h(k) = -k**2 - 7*k - 5. Let b be h(-6). Suppose -4*s + 22 = x, -3*x + 5*s = 3*s + 4. What are the prime factors of b/(1*x/18)?
3
Let u = 7 + -5. Suppose 0 = -4*k - 0*n + n - 35, u*k + 45 = -5*n. Let d(b) = -b**3 - 10*b**2 + 14. List the prime factors of d(k).
2, 7
List the prime factors of (-26)/234 + 4/(108/15015).
2, 139
Suppose -19*v + 1777 = -712. What are the prime factors of v?
131
Suppose 4*g + 330 - 4458 = 0. What are the prime factors of g?
2, 3, 43
Suppose 98 + 96 = j + 5*v, 0 = 4*j - 3*v - 822. List the prime factors of j.
2, 3, 17
Let j(y) = -161*y - 17. What are the prime factors of j(-4)?
3, 11, 19
Suppose 0 = 28*a - 7444 - 2832. What are the prime factors of a?
367
Suppose -2*x - 18 = -5*x. Let g be (x/5)/((-42)/(-140)). Suppose -g*q = -4*u - 88, -2*q + 2*u - 37 = -3*q. What are the prime factors of q?
3
Suppose 24 = -16*l + 19*l. Suppose -2*c - l = -c. What are the prime factors of ((-3)/(-6))/((-1)/c)?
2
Suppose -4*i - 4*f = -840, i + 0*i - 5*f = 192. List the prime factors of i.
3, 23
Suppose -5*u + 1449 = -571. Let p be u/6 + (-2)/(-3). Suppose -3*l + p = -25. What are the prime factors of l?
31
Let d(z) = z**2 - 34 + z + 36 - 3*z + 16*z**3. What are the prime factors of d(1)?
17
Let u(l) = 16*l**2 + 35*l**2 - 17*l**3 + 19*l**3 - 2 - 23*l - 12*l**2. List the prime factors of u(-20).
2, 29
Let h be (-2898)/(-45) + (-2)/5. Suppose -3*j - h = -j. Let m = 9 - j. What are the prime factors of m?
41
Suppose 2*q - 20 = -2*q. Suppose -5*s = -q*w - 50, 2*w = 7*w + 4*s + 41. List the prime factors of 26/3 - 3/w.
3
Let z(t) = -2*t**2 - 21*t - 10. Suppose 3*u - 15 = 4*l, -1 = -5*u + 3*l + 13. Let c be -4*((-3)/(-3) + u). What are the prime factors of z(c)?
2, 3, 5
Suppose 515*s - 519*s + 1468 = 0. List the prime factors of s.
367
Let d(h) = -h**3 + 6*h**2 + 4. Suppose 0 = 3*x - 2*x - 6. Let v be d(x). Suppose -6*y = -2*y + 5*n - 37, -v*n = -5*y - 5. What are the prime factors of y?
3
Suppose -4*v + 1837 = 2*y - 3*v, 2773 = 3*y - 2*v. What are the prime factors of y?
3, 307
Let l = 1115 - 691. Suppose -10*v - 124 = -l. List the prime factors of v.
2, 3, 5
Let z = 36 + -38. What are the prime factors of (1/z)/(7/(-476))?
2, 17
Let f = 3 - -1. Suppose 0 = -2*d + j + 21 + 53, d + f*j - 37 = 0. What are the prime factors of d?
37
Let u(a) be the second derivative of a**5/20 + a**4/4 - 2*a**3/3 + 7*a**2/2 + 8*a. List the prime factors of u(3).
7
Suppose 0 = h - 3, 5*z = 4*h - 2 - 0. Let r(x) = -39*x + 5. Let f be r(z). Let n = f + 114. What are the prime factors of n?
41
Suppose 0 = 155*a - 154*a - 941. What are the prime factors of a?
941
Let z(o) be the second derivative of o**4/12 + o**3/3 - 2*o**2 + 12*o. List the prime factors of z(-4).
2
Let r(p) = -p**3 - 11*p**2 + 12*p + 5. Suppose 0 = 2*h + q + 21, 4*h - q = 2*h - 27. Let s be r(h). Suppose 3*k = s*k - 66. List the prime factors of k.
3, 11
Let z(c) = -c + 2. Let o be z(-2). Suppose -2*f = -n, -n - 2 = -4*f + o. Suppose r = n*r - 75. What are the prime factors of r?
3, 5
What are the prime factors of 7707/51 - 22/187?
151
Suppose -1106 = 4*h + 3*b - 4331, 2*h + 5*b - 1609 = 0. What are the prime factors of h?
3, 269
Suppose 16386 - 4536 = 25*x. List the prime factors of x.
2, 3, 79
Let q = 3017 + -1715. List the prime factors of q.
2, 3, 7, 31
Suppose j = 3*h + 377, -9*j + 4*j = -2*h - 1937. List the prime factors of j.
389
Let r(k) = -k**3 + 7*k**2 - 9*k + 9. Let m be r(6). Let z be m/(-2)*(-8)/(-6). What are the prime factors of 126/z*(1 + 0)?
3, 7
Let z(v) = -v**3 + 4*v**2 - 3*v + 1. Let x be z(2). Let p be 4 + (3 + 0 - x). Suppose -p*h + 95 = -101. List the prime factors of h.
7
Let v(o) = 747*o**2 - 65*o - 127. List the prime factors of v(-2).
3, 997